or of 672 and 324996.
84
Calculate the greatest common factor of 3081 and 95037.
237
What is the greatest common divisor of 43600 and 184?
8
What is the greatest common divisor of 152 and 326933?
19
Calculate the highest common divisor of 538815 and 765.
255
Calculate the greatest common factor of 3177 and 144.
9
What is the greatest common divisor of 14400 and 96960?
960
Calculate the greatest common divisor of 94170 and 292.
146
Calculate the greatest common factor of 1590608 and 7120.
1424
Calculate the highest common factor of 336 and 1267854.
42
Calculate the highest common factor of 6720 and 525.
105
What is the highest common factor of 8273680 and 80?
80
What is the highest common factor of 1086795 and 5?
5
Calculate the greatest common factor of 2418 and 155558.
806
Calculate the greatest common divisor of 50400 and 120.
120
Calculate the greatest common factor of 4113 and 63.
9
What is the greatest common divisor of 92628 and 124?
124
What is the highest common factor of 251498 and 442?
442
What is the greatest common divisor of 1743 and 3801?
21
Calculate the highest common factor of 21 and 21287.
7
Calculate the highest common factor of 1000 and 101000.
1000
What is the highest common factor of 132 and 164967?
33
What is the highest common divisor of 3472 and 1168948?
124
What is the greatest common factor of 248263 and 8180?
409
What is the greatest common divisor of 52923 and 276?
69
What is the greatest common factor of 13515 and 8670?
255
What is the highest common factor of 122396 and 1184?
148
What is the greatest common divisor of 261833 and 33?
11
Calculate the greatest common divisor of 43187 and 95.
19
What is the highest common divisor of 416143 and 17?
17
Calculate the highest common divisor of 21176 and 108.
4
What is the highest common factor of 413980 and 700?
140
What is the greatest common factor of 475 and 1225?
25
Calculate the highest common factor of 967473 and 117.
117
Calculate the greatest common divisor of 141 and 45872.
47
What is the highest common divisor of 143046 and 117?
9
Calculate the greatest common divisor of 145408 and 284.
284
What is the highest common divisor of 224 and 22512?
112
Calculate the greatest common factor of 18316 and 893.
19
What is the greatest common factor of 1191 and 12?
3
What is the highest common divisor of 65 and 2561?
13
What is the highest common divisor of 20667 and 12?
3
What is the greatest common factor of 309 and 555?
3
Calculate the highest common factor of 3335 and 3105.
115
What is the greatest common factor of 3530 and 387594?
706
What is the highest common divisor of 951 and 762068?
317
Calculate the highest common factor of 413 and 20709.
59
Calculate the highest common factor of 3483 and 731817.
387
What is the highest common factor of 13098 and 2627?
37
What is the highest common divisor of 535 and 50515?
5
What is the greatest common factor of 299398 and 5456?
682
Calculate the greatest common factor of 112423 and 19.
19
What is the greatest common divisor of 1068 and 267?
267
What is the highest common factor of 71148 and 63504?
588
What is the greatest common divisor of 47038 and 7366?
58
What is the greatest common factor of 7 and 1026683?
7
Calculate the greatest common factor of 185 and 2716910.
185
Calculate the highest common divisor of 1623544 and 1340.
268
What is the highest common factor of 405 and 249?
3
Calculate the highest common factor of 806 and 16740.
62
What is the greatest common factor of 11250 and 3195?
45
Calculate the greatest common divisor of 34627 and 1519.
31
What is the greatest common factor of 384 and 44664?
24
Calculate the greatest common factor of 245414 and 26.
26
What is the greatest common factor of 825 and 3?
3
Calculate the highest common divisor of 856 and 303452.
428
Calculate the greatest common divisor of 34 and 295613.
17
Calculate the greatest common factor of 2440 and 5.
5
Calculate the greatest common divisor of 207496 and 7400.
296
Calculate the greatest common factor of 76 and 124792.
76
What is the highest common divisor of 43979 and 1393?
199
What is the greatest common divisor of 14 and 327698?
14
What is the highest common divisor of 173 and 7314959?
173
Calculate the greatest common factor of 136 and 13384.
8
Calculate the highest common factor of 68 and 41599.
17
What is the greatest common factor of 594 and 547614?
54
What is the greatest common divisor of 35639 and 13620?
227
What is the highest common divisor of 482 and 41211?
241
What is the highest common factor of 9 and 678021?
3
Calculate the greatest common divisor of 789 and 1184026.
263
What is the greatest common divisor of 104 and 74728?
8
What is the highest common divisor of 571677 and 261?
87
Calculate the highest common factor of 971388 and 1936.
484
Calculate the greatest common factor of 39 and 241475.
13
What is the greatest common factor of 572 and 2948?
44
What is the greatest common factor of 46023 and 345?
69
Calculate the highest common factor of 162736 and 224.
112
What is the greatest common factor of 55301 and 17?
17
What is the highest common divisor of 495 and 7326?
99
Calculate the greatest common divisor of 5798 and 19624.
446
What is the greatest common divisor of 373868 and 33?
11
What is the highest common factor of 81 and 556551?
81
Calculate the highest common factor of 17227 and 321.
107
Calculate the greatest common factor of 84372 and 36.
12
What is the greatest common factor of 222 and 4647903?
111
What is the greatest common divisor of 1904583 and 3?
3
What is the greatest common divisor of 22285266 and 2193?
2193
What is the greatest common divisor of 1402050 and 390?
390
What is the highest common divisor of 237 and 23147?
79
Calculate the greatest common divisor of 507 and 32097.
39
What is the greatest common divisor of 21 and 61095?
3
What is the highest common factor of 39 and 4989?
3
Calculate the greatest common factor of 44406 and 288.
18
What is the highest common divisor of 63 and 591927?
21
What is the highest common factor of 728326 and 742?
106
What is the highest common divisor of 2 and 2157?
1
Calculate the greatest common divisor of 6115 and 150.
5
Calculate the highest common factor of 404 and 1352794.
202
What is the highest common divisor of 7332 and 4524?
156
What is the greatest common divisor of 438 and 146511?
219
Calculate the highest common factor of 16 and 43832.
8
What is the highest common factor of 282 and 888?
6
Calculate the greatest common factor of 2240 and 248000.
320
What is the greatest common divisor of 168 and 3079692?
84
Calculate the greatest common factor of 9604 and 26880.
28
What is the greatest common divisor of 1820 and 82030?
130
Calculate the highest common factor of 11845 and 74881.
103
Calculate the highest common factor of 18576 and 54.
54
Calculate the greatest common divisor of 1108 and 486966.
554
What is the greatest common factor of 33 and 22209?
33
Calculate the greatest common factor of 1189 and 3915.
29
What is the highest common divisor of 5 and 798365?
5
Calculate the highest common divisor of 5126 and 22.
22
Calculate the highest common divisor of 512 and 494768.
16
Calculate the highest common factor of 413 and 59767.
59
Calculate the greatest common divisor of 7435 and 5.
5
What is the highest common factor of 682 and 1315082?
62
Calculate the greatest common divisor of 15328157 and 47.
47
Calculate the highest common factor of 10840 and 4040.
40
Calculate the highest common divisor of 742 and 99746.
106
What is the greatest common divisor of 308 and 13076?
28
What is the greatest common divisor of 3926514 and 769?
769
What is the highest common divisor of 350 and 1604?
2
Calculate the greatest common factor of 1424 and 503206.
178
What is the highest common factor of 52760 and 1640?
40
What is the highest common divisor of 75 and 154755?
15
What is the highest common divisor of 5068 and 448?
28
Calculate the greatest common divisor of 377089 and 1354.
677
What is the greatest common factor of 81 and 621?
27
What is the highest common factor of 18495 and 7965?
135
Calculate the highest common divisor of 81451 and 94.
47
What is the greatest common divisor of 39970 and 140?
70
Calculate the greatest common divisor of 2951 and 11947.
13
Calculate t